u(6).
1
Let d(o) = 2*o**2 - 4*o - 13. Give d(6).
35
Let c(w) = w**3 - 5*w**2 - 7*w - 4. Calculate c(6).
-10
Let b(o) = o**3 - 8*o**2 - 12*o + 7. Give b(-3).
-56
Let p(l) = l**3 + 2*l**2 - l - 2. Give p(-2).
0
Let i(n) = -14*n**2 - n. Determine i(1).
-15
Let a(o) = -38*o - 11. What is a(-4)?
141
Let c(x) = -x**3 + 20*x**2 + 20*x + 30. Calculate c(21).
9
Let d(b) = -3*b**2 - 2*b - 2. Calculate d(-2).
-10
Let m(o) = -2*o - 28. What is m(-14)?
0
Let u(a) = a + 45. Calculate u(-8).
37
Let k(y) = 4*y + 28. Give k(-10).
-12
Let c(r) = r**3 + 7*r**2 + r + 6. Give c(-7).
-1
Let w(b) = b**2 + 32*b - 27. Calculate w(-33).
6
Let a(s) = s + 16. Give a(-20).
-4
Let n(f) = -4*f + 71. What is n(19)?
-5
Let r(t) = -23*t - 35. What is r(-1)?
-12
Let x(z) = -34*z**3 + 2*z**2 - z. What is x(1)?
-33
Let h(r) = -5*r - 6. What is h(-3)?
9
Let g(c) = 4*c**2 + 39*c - 4. What is g(-10)?
6
Let k(v) = -9*v + 155. Calculate k(17).
2
Let a(v) = v**3 + 8*v**2 + 11. Calculate a(-8).
11
Let i(n) = n**3 - 14*n**2 + 1. What is i(14)?
1
Let p(g) = 2*g**2 - 4*g - 9. Calculate p(0).
-9
Let g(a) = a**2 - 15*a - 16. What is g(13)?
-42
Let u(n) = n**3 + 11*n**2 - 41*n + 17. What is u(-14)?
3
Let q(g) = -4*g**3 + g + 7. Give q(3).
-98
Let s(a) = -13*a + 20. Determine s(3).
-19
Let j(a) = 9*a**3 + a**2 - 2*a + 2. What is j(1)?
10
Let f(t) = 24*t**2 + 2*t + 1. Calculate f(-1).
23
Let y(h) = 28*h + 216. Give y(-7).
20
Let w(o) = o**3 + 2*o**2 - 6*o - 7. Give w(-3).
2
Let o(d) = -d - 27. Give o(-21).
-6
Let b(w) = 8*w + 14. What is b(-6)?
-34
Let t(y) = 3*y**2 + 33*y - 38. What is t(-12)?
-2
Let u(m) = -17*m - 31. Determine u(-4).
37
Let x(d) = -d**3 - 20*d**2 + 21*d - 5. Give x(-21).
-5
Let y(b) = 2*b. Determine y(-4).
-8
Let f(p) = -2*p - 64. Give f(-20).
-24
Let w(q) = -q**3 + 23*q**2 - 23*q + 29. Calculate w(22).
7
Let s(y) = 6*y**3 - 2*y**2 + 1. Calculate s(-2).
-55
Let h(v) = v**3 + 13*v**2 + 13*v + 1. Calculate h(-12).
-11
Let n(t) = -39*t - 54. Give n(-4).
102
Let s(l) = l**2 - 10*l + 17. What is s(8)?
1
Let o(s) = -110*s + 223. Give o(2).
3
Let k(q) = -q**2 - 10*q + 8. What is k(-11)?
-3
Let t(k) = k**3 + 11*k**2 - 2*k - 10. What is t(-11)?
12
Let a(w) = -2*w + 45. Determine a(26).
-7
Let h(i) = -2*i**3 - 14*i**2 - 14*i - 1. Determine h(-6).
11
Let w(k) = 12*k - 59. Determine w(5).
1
Let q(r) = r**3. Give q(0).
0
Let o(r) = -6*r - 2. Determine o(-2).
10
Let f(d) = -d**3 + 9*d**2 - 16*d + 2. What is f(7)?
-12
Let b(j) = 3*j**3 + 4*j**2 - j - 3. Calculate b(-2).
-9
Let a(z) = 2*z**2 - 6*z - 3. Give a(6).
33
Let q(i) = -i**2 - 10*i - 19. What is q(-12)?
-43
Let q(m) = 8*m - 6. Give q(9).
66
Let i(w) = w**3 - 16*w**2 + 9*w + 50. Give i(15).
-40
Let c(q) = q + 5. Determine c(9).
14
Let z(s) = -7*s + 12. Give z(1).
5
Let k(o) = 3*o - 29. Give k(10).
1
Let u(m) = m**2 - 10*m + 7. Determine u(10).
7
Let b(u) = -u**3 - 11*u**2 - 31*u. Give b(-6).
6
Let n(x) = x. What is n(-5)?
-5
Let d(n) = -n**2 + 37*n - 5. Calculate d(0).
-5
Let d(y) = -10*y + 14. Calculate d(5).
-36
Let q(w) = w**3 - 5*w**2 + 2*w + 1. Determine q(4).
-7
Let t(g) = -2*g - 6. Give t(8).
-22
Let u(p) = -p**3 - 12*p**2 - 9*p - 1. Give u(-11).
-23
Let x(g) = 2*g**3 + 18*g**2 - 24*g - 22. Calculate x(-10).
18
Let m(o) = 27*o**3 - o**2 + 1. Determine m(-1).
-27
Let n(g) = -5*g + 7. Determine n(6).
-23
Let p(a) = a**3 - 10*a**2 + 20*a + 9. Give p(5).
-16
Let o(j) = 21*j + 26. What is o(-1)?
5
Let o(v) = v**3 - 2*v**2 - v. Give o(3).
6
Let a(n) = n**3 - 4. Give a(2).
4
Let d(w) = 8*w - 58. Give d(9).
14
Let p(l) = -3*l + 9. Calculate p(15).
-36
Let l(h) = 2*h - 25. Determine l(-13).
-51
Let i(a) = -a**3 - 4*a**2. What is i(-2)?
-8
Let i(j) = 4*j**2 + 11*j - 20. Give i(-6).
58
Let f(b) = -36*b**3 + b + 1. Determine f(-1).
36
Let i(v) = -35*v**2 + v + 1. Calculate i(-1).
-35
Let o(d) = -d**3 + 16*d**2 - 15*d - 10. What is o(15)?
-10
Let g(b) = -b**2 + 37*b - 341. Give g(19).
1
Let m(v) = 4*v + 5. Give m(0).
5
Let v(b) = b**2 - 2*b - 19. What is v(6)?
5
Let b(u) = -39*u - 159. What is b(-4)?
-3
Let z(b) = -10*b**2 + 5*b - 4. Calculate z(1).
-9
Let c(j) = j**2 + 6*j - 5. Give c(-4).
-13
Let z(o) = -4*o - 29. Calculate z(-4).
-13
Let k(y) = 3*y**3 + 53*y**2 - 18*y + 17. What is k(-18)?
17
Let i(t) = -2*t**3 + 13*t**2 + 18. Determine i(6).
54
Let a(p) = p**2 + 3*p - 7. Give a(5).
33
Let x(z) = -z**3 + 7*z**2 + 2*z - 1. Determine x(7).
13
Let s(u) = u**2 - u - 32. Determine s(-6).
10
Let v(z) = -z**3 + 4*z**2 + 10*z + 5. What is v(5)?
30
Let u(a) = a**3 - 7*a**2 + 6*a - 4. Determine u(5).
-24
Let p(x) = -13*x + 12. Calculate p(2).
-14
Let b(u) = -u**2 - 22*u - 32. What is b(-19)?
25
Let b(a) = 3*a + 23. Determine b(-5).
8
Let o(h) = -h**2 + h - 4. Calculate o(6).
-34
Let i(s) = -s**2 - 7*s + 4. Calculate i(-5).
14
Let y(a) = -3*a**2 + 8*a + 13. Calculate y(4).
-3
Let k(b) = -10*b - 3. Determine k(-4).
37
Let g(x) = x**3 + 9*x**2 - x - 7. Determine g(-9).
2
Let w(d) = -d**3 - 4*d**2 + 4*d - 1. Calculate w(-5).
4
Let m(i) = i**3 + 7*i**2 + 5*i + 4. Give m(-6).
10
Let z(k) = -k**3 + 4*k**2 + k - 7. Give z(4).
-3
Let i(v) = v**3 + 38*v**2 + 103*v - 81. Give i(-35).
-11
Let g(r) = 3*r**3 + r**2 - r - 2. Calculate g(2).
24
Let v(l) = -3*l + 67. What is v(13)?
28
Let u(b) = -b**2 - 2*b - 3. Give u(0).
-3
Let c(w) = -4*w**3 + w**2 - w. What is c(1)?
-4
Let c(q) = -q**3 + 9*q**2 - 9*q - 8. Give c(9).
-89
Let h(d) = -d**2 + 14*d - 57. What is h(6)?
-9
Let c(l) = -l**3 - 5*l**2 + l + 1. Give c(-6).
31
Let t(k) = -k**3 - 45*k**2 - 126*k + 2. Calculate t(-42).
2
Let z(q) = 2*q - 5. What is z(0)?
-5
Let k(v) = v**2 - 10*v + 25. Calculate k(5).
0
Let b(w) = -w**3 + 3*w**2 + w + 5. Give b(4).
-7
Let f(x) = x**3 + 4*x**2 - 2*x + 1. Determine f(-4).
9
Let c(h) = -h**3 + 32*h**2 + 34*h - 47. What is c(33)?
-14
Let u(w) = w**2 + 6*w - 3. Give u(-5).
-8
Let j(y) = 3*y**3 - y**2 - 3*y + 6. Determine j(2).
20
Let s(k) = -k**2 + 13*k + 3. Calculate s(13).
3
Let w(r) = -2*r**2 - 3*r - 1. What is w(3)?
-28
Let u(f) = 2*f - 34. Calculate u(8).
-18
Let l(r) = -r + 58. Calculate l(-25).
83
Let y(i) = -4*i - 6. Determine y(5).
-26
Let d(t) = -t**3 + 14*t**2 - 15*t + 21. Calculate d(13).
-5
Let x(a) = a**2 - 3*a + 2. Calculate x(6).
20
Let v(x) = x**3 + 11*x**2 - 9*x + 26. What is v(-12)?
-10
Let t(m) = -m**3 + 27*m**2 + 28*m - 16. Determine t(28).
-16
Let r(a) = 5*a + 19. Calculate r(-8).
-21
Let w(z) = -z - 2. Give w(10).
-12
Let v(c) = c**2 + 10*c + 8. Give v(-10).
8
Let u(r) = -3*r**2 - 56*r + 28. Calculate u(-19).
9
Let z(l) = 2*l**2 + 11*l + 14. Give z(-9).
77
Let p(t) = -34*t - 35. Calculate p(-2).
33
Let n(l) = -6*l**2 + 44*l + 26. Determine n(8).
-6
Let x(h) = -h**3 + 6*h**2 + 3*h + 1. Calculate x(5).
41
Let d(n) = -n**3 + 7*n**2 - 5*n + 11. Determine d(5).
36
Let k(g) = g**2 - 4*g + 4. Give k(5).
9
Let y(s) = -s**2 + 8*s + 4. What is y(7)?
11
Let k(i) = -i**2 - 6*i. Calculate k(-7).
-7
Let v(r) = -9*r + 52. Determine v(7).
-11
Let o(q) = q**2 - 9*q - 484. Determine o(27).
2
Let h(g) = g**3 + g**2 + g - 5. Determine h(-3).
-26
Let z(r) = -9*r - 98. Calculate z(-12).
10
Let m(k) = -14*k + 2. What is m(-3)?
44
Let l(m) = -3*m + 124. Determine l(23).
55
Let h(b) = 33*b - 36. What is h(2)?
30
Let o(d) = 3*d**2 - 18*d + 11. Determine o(7).
32
Let b(h) = -71*h + 68. Give b(1).
-3
Let x(d) = 4*d**3 + d + 2. Calculate x(-2).
-32
Let t(v) = -27*v + 788. Determine t(29).
5
Let r(f) = -f**3 + 14*f**2 + 22*f - 107. What is r(15)?
-2
Let m(h) = 6*h + 10. What is m(2)?
22
Let c(x) = -x**2 + 5*x + 7. Determine c(0).
7
Let w(o) = 2*o**2 + 57*o + 68. Give w(-29).
97
Let v(k) = -9*k - 8. Give v(-5).
37
Let c(j) = 3*j**2 + 64*j + 21. What is c(-21)?
0
Let z(m) = m**2 - 3*m - 20. Give z(6).
-2
Let z(u) = 6*u**2 - 3*u - 2. What is z(3)?
43
Let q(k) = 14*k + 49. Calculate q(-6).
-35
Let i(x) = -2*x**2 + x + 6. Calculate i(3).
-9
Let s(q) = q**2 + 5*q - 4. What is s(-6)?
2
Let l(j) = -3*j**3 + 2*j**2 - 11. Give l(-4).
213
Let q(o) = o**3 + 4*o**2 + 3. Give q(-3).
12
Let z(t) = -t**3 - 19*t**2 - 19*t - 7. What is z(-18)?
11
Let x(y) = 6*y + 91. Calculate x(-13).
13
Let t(y) = y**3 - 4*y**2 - 12*y + 24. Determine t(2).
-8
Let l(f) = -28*f - 637. What is l(-22)?
-21
Let g(h) = h - 52. Determine g(-19).
-71
Let r(a) = -a**3 + 8*a**2 + 3*a - 6. Calculate r(8).
18
Let c(n) = n**2